lse
Is 1230693 a multiple of 749?
False
Is 166320 a multiple of 61?
False
Is 626 a factor of 161508?
True
Is 29016 a multiple of 39?
True
Is 205150 a multiple of 50?
True
Is 29 a factor of 17870?
False
Is 62160 a multiple of 111?
True
Is 5495439 a multiple of 1041?
True
Is 189 a factor of 2283594?
False
Is 2274844 a multiple of 194?
True
Is 502 a factor of 644568?
True
Is 113792 a multiple of 16?
True
Is 54 a factor of 3182300?
False
Is 122 a factor of 3664514?
True
Is 24 a factor of 563664?
True
Is 7270529 a multiple of 61?
True
Is 96 a factor of 125856?
True
Does 344 divide 10141464?
True
Is 2894997 a multiple of 217?
True
Does 4 divide 359586?
False
Is 15 a factor of 201630?
True
Is 733 a factor of 9432255?
False
Does 17 divide 1403418?
True
Does 10 divide 13360?
True
Does 9 divide 167101?
False
Is 420455 a multiple of 287?
True
Is 1019152 a multiple of 21?
False
Is 379 a factor of 221336?
True
Is 28901 a multiple of 8?
False
Is 13573959 a multiple of 41?
False
Is 216996 a multiple of 39?
True
Is 161752 a multiple of 154?
False
Is 1485261 a multiple of 3?
True
Does 73 divide 284773?
True
Does 1056 divide 666652?
False
Does 377 divide 101036?
True
Does 9 divide 45235?
False
Is 30 a factor of 218997?
False
Does 142 divide 179339?
False
Is 7 a factor of 179856?
False
Is 153 a factor of 21895218?
True
Does 58 divide 535804?
True
Does 120 divide 1823880?
True
Is 477 a factor of 5918139?
True
Is 2237206 a multiple of 88?
False
Does 27 divide 813156?
False
Is 1787760 a multiple of 764?
True
Is 1618110 a multiple of 90?
True
Does 110 divide 18220070?
True
Is 13187 a multiple of 2?
False
Does 153 divide 246483?
True
Is 15488 a multiple of 16?
True
Does 79 divide 11568997?
True
Is 4865808 a multiple of 95?
False
Is 89067 a multiple of 151?
False
Does 14 divide 267120?
True
Is 864898 a multiple of 17?
False
Is 946470 a multiple of 7?
True
Is 19 a factor of 74898?
True
Does 116 divide 591563?
False
Is 1075138 a multiple of 528?
False
Is 1930000 a multiple of 40?
True
Is 227184 a multiple of 6?
True
Is 11 a factor of 1308758?
True
Is 2411328 a multiple of 1322?
True
Is 18756 a multiple of 13?
False
Is 1162404 a multiple of 423?
True
Is 4 a factor of 145300?
True
Does 1000 divide 689000?
True
Is 114 a factor of 1557468?
True
Is 3 a factor of 429806?
False
Is 356 a factor of 4237620?
False
Does 330 divide 2545354?
False
Does 270 divide 158207?
False
Is 10227 a multiple of 20?
False
Is 4 a factor of 2308?
True
Does 2 divide 499360?
True
Does 142 divide 19466?
False
Is 418 a factor of 595058?
False
Is 1296 a multiple of 24?
True
Is 11965322 a multiple of 153?
False
Is 198 a factor of 662310?
True
Is 5 a factor of 467580?
True
Is 628682 a multiple of 23?
True
Does 3 divide 901?
False
Does 210 divide 83517?
False
Is 4257 a multiple of 10?
False
Is 30 a factor of 71970?
True
Does 37 divide 517139?
False
Is 555 a factor of 1115550?
True
Does 289 divide 106930?
True
Does 13 divide 273637?
True
Does 3 divide 710838?
True
Is 15 a factor of 44221?
False
Is 1736139 a multiple of 8?
False
Is 23977 a multiple of 24?
False
Does 40 divide 4130221?
False
Is 75 a factor of 110925?
True
Does 245 divide 29171?
False
Does 84 divide 827423?
False
Does 303 divide 35359573?
False
Is 9384 a multiple of 184?
True
Is 1292196 a multiple of 257?
True
Is 99 a factor of 35896212?
True
Is 168599 a multiple of 8?
False
Is 2414680 a multiple of 100?
False
Is 68000 a multiple of 25?
True
Does 89 divide 7099484?
False
Is 2747648 a multiple of 15?
False
Is 320910 a multiple of 563?
True
Does 10 divide 1553475?
False
Does 7 divide 6490?
False
Is 34 a factor of 267172?
True
Does 969 divide 414730?
False
Is 1465764 a multiple of 110?
False
Is 2122163 a multiple of 139?
False
Is 3144281 a multiple of 1362?
False
Is 60672 a multiple of 86?
False
Is 1645220 a multiple of 20?
True
Is 4005137 a multiple of 48?
False
Does 110 divide 37400?
True
Is 8 a factor of 6839720?
True
Does 24 divide 185904?
True
Does 126 divide 150351?
False
Is 1586662 a multiple of 154?
True
Is 910 a factor of 565110?
True
Is 97 a factor of 390251?
False
Is 46 a factor of 698603?
False
Does 12 divide 759704?
False
Is 6051606 a multiple of 6?
True
Does 16 divide 2051501?
False
Does 563 divide 119919?
True
Is 11065 a multiple of 5?
True
Is 193 a factor of 57422?
False
Is 40 a factor of 902422?
False
Is 286663 a multiple of 8?
False
Is 538330 a multiple of 410?
True
Is 274 a factor of 112967?
False
Is 981 a factor of 7645914?
True
Is 30 a factor of 856537?
False
Does 15 divide 91185?
True
Is 978 a factor of 1700742?
True
Does 167 divide 265636?
False
Does 12 divide 1826974?
False
Is 2 a factor of 3548?
True
Is 4 a factor of 168?
True
Is 21 a factor of 2052519?
True
Is 875397 a multiple of 116?
False
Does 160 divide 3765440?
True
Is 26 a factor of 808704?
True
Does 3 divide 55915?
False
Is 418051 a multiple of 16?
False
Is 853680 a multiple of 24?
True
Does 19 divide 159523?
False
Is 68805 a multiple of 417?
True
Is 381378 a multiple of 51?
True
Is 401951 a multiple of 11?
True
Is 6725888 a multiple of 64?
True
Is 16 a factor of 31776?
True
Does 16 divide 371510?
False
Is 97 a factor of 2485722?
True
Does 28 divide 434624?
False
Is 432 a factor of 98027?
False
Is 3 a factor of 2879663?
False
Does 69 divide 502113?
True
Does 83 divide 290915?
True
Is 1289352 a multiple of 12?
True
Is 6 a factor of 60228?
True
Does 106 divide 1141800?
False
Is 35 a factor of 1346473?
False
Is 109915 a multiple of 13?
True
Is 21 a factor of 16530?
False
Is 162279 a multiple of 13?
True
Is 15409738 a multiple of 26?
False
Is 121 a factor of 1156034?
True
Is 2475 a multiple of 5?
True
Is 289 a factor of 1032402?
False
Does 298 divide 190222?
False
Is 134 a factor of 695058?
True
Does 6 divide 117822?
True
Is 4 a factor of 976259?
False
Does 7 divide 1140987?
False
Is 148 a factor of 871782?
False
Does 13 divide 2966314?
True
Does 431 divide 815452?
True
Does 421 divide 189850?
False
Is 10399570 a multiple of 10?
True
Is 258467 a multiple of 11?
True
Does 55 divide 785816?
False
Is 36421 a multiple of 77?
True
Is 1107920 a multiple of 40?
True
Is 48 a factor of 97104?
True
Is 65 a factor of 334035?
True
Is 42070 a multiple of 14?
True
Is 23 a factor of 430?
False
Is 65000 a multiple of 250?
True
Is 644262 a multiple of 33?
False
Is 91 a factor of 193375?
True
Is 363 a factor of 5743267?
False
Is 53648 a multiple of 21?
False
Does 4 divide 433752?
True
Is 12745 a multiple of 14?
False
Is 466702 a multiple of 2?
True
Is 21 a factor of 122286?
False
Is 11011 a multiple of 141?
False
Does 61 divide 44957?
True
Is 9 a factor of 243277?
False
Is 837319 a multiple of 410?
False
Does 23 divide 322954?
False
Is 17 a factor of 1084328?
True
Does 168 divide 392320?
False
Is 1074057 a multiple of 2?
False
Does 13 divide 5347888?
True
Is 9 a factor of 167074?
False
Is 125312 a multiple of 8?
True
Does 1218 divide 18109534?
False
Does 100 divide 4767658?
False
Does 3 divide 174137?
False
Is 226461 a multiple of 29?
True
Does 575 divide 129020?
False
Does 118 divide 188210?
True
Does 257 divide 290300?
False
Does 140 divide 13537871?
False
Is 8 a factor of 405454?
False
Is 749744 a multiple of 47?
True
Is 24 a factor of 7024896?
True
Is 1575497 a multiple of 37?
True
Does 715 divide 1478779?
False
Is 4 a factor of 393330?
False
Is 29 a factor of 410379?
True
Does 10 divide 926071?
False
Is 122553 a multiple of 461?
False
Is 310437 a multiple of 9?
True
Does 34 divide 3405548?
False
Is 25 a factor of 230050?
True
Does 12 divide 2790204?
True
Does 111 divide 1534787?
False
Is 149 a factor of 86718?
True
Is 2844550 a multiple of 50?
True
Is 64 a factor of 234461?
False
Is 13 a factor of 2981726?
False
Is 151427 a multiple of 109?
False
Is 1821997 a multiple of 42?
False
Does 297 divide 276804?
True
Is 15 a factor of 1193230?
False
Is 9 a factor of 3573?
True
Is 269 a factor of 6492020?
False
Is 112683 a multiple of 22?
False
Is 55200 a multiple of 25?
True
Does 8 divide 9636?
False
Does 207 divide 59381?
False
Is 128 a factor of 145209?
False
Is 173264 a multiple of 48?
False
Is 125 a factor of 711500?
True
Is 441259 a multiple of 91?
True
Is 302 a factor of 6424112?
False
Is 786492 a multiple of 21?
True
Does 4 divide 3922654?
False
Is 366 a factor of 66342?
Fals